93?
90
Calculate the remainder when 375 is divided by 94.
93
Calculate the remainder when 1037 is divided by 10.
7
What is the remainder when 54 is divided by 31?
23
What is the remainder when 766 is divided by 10?
6
Calculate the remainder when 6213 is divided by 21.
18
What is the remainder when 488 is divided by 101?
84
What is the remainder when 251 is divided by 114?
23
Calculate the remainder when 192 is divided by 129.
63
Calculate the remainder when 16 is divided by 6.
4
What is the remainder when 4331 is divided by 180?
11
What is the remainder when 933 is divided by 36?
33
Calculate the remainder when 1012 is divided by 89.
33
What is the remainder when 14508 is divided by 4831?
15
What is the remainder when 156 is divided by 5?
1
Calculate the remainder when 397 is divided by 19.
17
What is the remainder when 52465 is divided by 26?
23
What is the remainder when 308 is divided by 13?
9
Calculate the remainder when 228 is divided by 60.
48
Calculate the remainder when 246 is divided by 21.
15
Calculate the remainder when 1125 is divided by 7.
5
Calculate the remainder when 481 is divided by 44.
41
What is the remainder when 3821 is divided by 17?
13
Calculate the remainder when 139 is divided by 24.
19
Calculate the remainder when 12582 is divided by 22.
20
What is the remainder when 1167 is divided by 28?
19
Calculate the remainder when 65 is divided by 7.
2
What is the remainder when 145 is divided by 7?
5
Calculate the remainder when 2126 is divided by 157.
85
What is the remainder when 587 is divided by 12?
11
Calculate the remainder when 53899 is divided by 49.
48
Calculate the remainder when 215 is divided by 66.
17
Calculate the remainder when 383 is divided by 32.
31
Calculate the remainder when 100 is divided by 46.
8
What is the remainder when 2698 is divided by 53?
48
What is the remainder when 4384 is divided by 41?
38
Calculate the remainder when 7759 is divided by 20.
19
Calculate the remainder when 3772 is divided by 25.
22
Calculate the remainder when 11 is divided by 10.
1
Calculate the remainder when 9070 is divided by 13.
9
Calculate the remainder when 6106 is divided by 149.
146
What is the remainder when 210 is divided by 55?
45
What is the remainder when 111 is divided by 29?
24
What is the remainder when 167 is divided by 32?
7
Calculate the remainder when 71 is divided by 13.
6
What is the remainder when 454 is divided by 154?
146
Calculate the remainder when 703 is divided by 89.
80
Calculate the remainder when 78 is divided by 70.
8
What is the remainder when 79 is divided by 42?
37
Calculate the remainder when 2391 is divided by 26.
25
Calculate the remainder when 400 is divided by 67.
65
Calculate the remainder when 342 is divided by 4.
2
Calculate the remainder when 131 is divided by 46.
39
What is the remainder when 71 is divided by 64?
7
Calculate the remainder when 372 is divided by 75.
72
What is the remainder when 216 is divided by 66?
18
What is the remainder when 6689 is divided by 2?
1
What is the remainder when 389 is divided by 79?
73
Calculate the remainder when 27829 is divided by 46.
45
What is the remainder when 121 is divided by 84?
37
Calculate the remainder when 511 is divided by 36.
7
Calculate the remainder when 167 is divided by 24.
23
Calculate the remainder when 112 is divided by 47.
18
Calculate the remainder when 31560 is divided by 43.
41
Calculate the remainder when 123 is divided by 2.
1
What is the remainder when 3183 is divided by 246?
231
Calculate the remainder when 1420 is divided by 133.
90
What is the remainder when 141 is divided by 12?
9
What is the remainder when 269 is divided by 102?
65
Calculate the remainder when 1123 is divided by 15.
13
Calculate the remainder when 23 is divided by 16.
7
Calculate the remainder when 26 is divided by 13.
0
Calculate the remainder when 530 is divided by 13.
10
What is the remainder when 75 is divided by 7?
5
What is the remainder when 427 is divided by 107?
106
What is the remainder when 189 is divided by 16?
13
Calculate the remainder when 107 is divided by 32.
11
Calculate the remainder when 1594 is divided by 34.
30
Calculate the remainder when 1200 is divided by 17.
10
What is the remainder when 1064 is divided by 82?
80
Calculate the remainder when 11042 is divided by 80.
2
What is the remainder when 37 is divided by 15?
7
Calculate the remainder when 125 is divided by 34.
23
Calculate the remainder when 295 is divided by 19.
10
What is the remainder when 1215 is divided by 136?
127
Calculate the remainder when 2875 is divided by 103.
94
Calculate the remainder when 10103 is divided by 28.
23
What is the remainder when 1310 is divided by 249?
65
Calculate the remainder when 2201 is divided by 116.
113
Calculate the remainder when 673 is divided by 294.
85
What is the remainder when 260 is divided by 125?
10
What is the remainder when 480 is divided by 61?
53
Calculate the remainder when 71 is divided by 61.
10
What is the remainder when 274 is divided by 25?
24
Calculate the remainder when 3345 is divided by 17.
13
What is the remainder when 124 is divided by 44?
36
Calculate the remainder when 219 is divided by 28.
23
What is the remainder when 269 is divided by 263?
6
What is the remainder when 173 is divided by 11?
8
Calculate the remainder when 250 is divided by 157.
93
Calculate the remainder when 94 is divided by 16.
14
What is the remainder when 12163 is divided by 77?
74
What is the remainder when 568 is divided by 143?
139
Calculate the remainder when 1752 is divided by 39.
36
What is the remainder when 154 is divided by 20?
14
Calculate the remainder when 142 is divided by 18.
16
What is the remainder when 239 is divided by 68?
35
Calculate the remainder when 2242 is divided by 53.
16
Calculate the remainder when 613 is divided by 18.
1
Calculate the remainder when 8 is divided by 7.
1
Calculate the remainder when 13558 is divided by 71.
68
What is the remainder when 9649 is divided by 10?
9
Calculate the remainder when 490 is divided by 144.
58
What is the remainder when 256 is divided by 7?
4
Calculate the remainder when 2499 is divided by 25.
24
What is the remainder when 1618 is divided by 18?
16
Calculate the remainder when 91 is divided by 54.
37
Calculate the remainder when 65 is divided by 34.
31
Calculate the remainder when 1211 is divided by 291.
47
What is the remainder when 696 is divided by 41?
40
What is the remainder when 193 is divided by 29?
19
What is the remainder when 418 is divided by 12?
10
What is the remainder when 565 is divided by 19?
14
Calculate the remainder when 35959 is divided by 155.
154
What is the remainder when 299 is divided by 55?
24
Calculate the remainder when 538 is divided by 8.
2
Calculate the remainder when 6798 is divided by 100.
98
What is the remainder when 79 is divided by 63?
16
Calculate the remainder when 146 is divided by 41.
23
What is the remainder when 209 is divided by 15?
14
What is the remainder when 120 is divided by 61?
59
Calculate the remainder when 218 is divided by 119.
99
What is the remainder when 299 is divided by 111?
77
What is the remainder when 52 is divided by 6?
4
Calculate the remainder when 3594 is divided by 29.
27
Calculate the remainder when 89 is divided by 76.
13
What is the remainder when 548 is divided by 180?
8
What is the remainder when 576 is divided by 16?
0
What is the remainder when 212 is divided by 210?
2
Calculate the remainder when 864 is divided by 271.
51
What is the remainder when 2253 is divided by 14?
13
Calculate the remainder when 142 is divided by 139.
3
Calculate the remainder when 679 is divided by 113.
1
Calculate the remainder when 661 is divided by 320.
21
Calculate the remainder when 1475 is divided by 39.
32
What is the remainder when 1261 is divided by 430?
401
Calculate the remainder when 146 is divided by 135.
11
Calculate the remainder when 176 is divided by 48.
32
What is the remainder when 812 is divided by 19?
14
What is the remainder when 32 is divided by 7?
4
Calculate the remainder when 39 is divided by 4.
3
What is the remainder when 516 is divided by 498?
18
Calculate the remainder when 709 is divided by 9.
7
What is the remainder when 317 is divided by 41?
30
Calculate the remainder when 1208 i